 t(y) is divided by 2.
1
Calculate the remainder when (-1645)/(-245) + (-2)/(-7) is divided by 4.
3
Suppose -4*j - 1 = -25. Suppose -4*f + 92 = p, f + j*p - 4 = p. Calculate the remainder when f is divided by 13.
11
Calculate the remainder when 49 is divided by (65/15)/(2/6).
10
Let u(q) = 4*q + 23. Calculate the remainder when u(10) is divided by 22.
19
Let d = 94 + -65. Let x be -28 - 1 - (-3)/(-3). Calculate the remainder when d is divided by (3/2)/((-3)/x).
14
Let k be 21/9 + (-2)/(-3). Suppose 3 = k*q - 3. Suppose 0 = -s + 4*l + 19, -2*s - l - q*l = -16. Calculate the remainder when 20 is divided by s.
9
What is the remainder when (0 + 3)*200/12 is divided by (-180)/(-9) - (4 + -1)?
16
Suppose 0 = -0*z + 2*z + 2. Let f be 3*(z + 14/6). Suppose 2*u + 8 = f*u. Calculate the remainder when 10 is divided by u.
2
Suppose 209 = 2*u + 5*k, 0*k - 404 = -4*u + 4*k. Calculate the remainder when u is divided by 13.
11
Let i(r) = -3*r**2 - 3*r - 10. Let k(a) = a + 1. Let p(t) = -i(t) + 6*k(t). Calculate the remainder when p(-7) is divided by 34.
32
Suppose 4*r - 5 = 3. Suppose v - r*v + 19 = 0. Let m(c) = 10*c. What is the remainder when v is divided by m(1)?
9
Let g = -3 + 8. Suppose -g*f + f = -856. Suppose 0 = 4*l - f - 18. What is the remainder when l is divided by 20?
18
Calculate the remainder when 14 is divided by (-161)/(-35) - (-4)/10.
4
Let o = 200 - 179. What is the remainder when 270 is divided by o?
18
Let h(d) = d**2 - 4*d + 3. Suppose -3*y = -0*y - 6. Let t be h(y). Let x = 3 + t. Calculate the remainder when 6 is divided by x.
0
Suppose h = k - 10, 4*k - 2*h + 7*h + 5 = 0. Suppose 0 = k*b - 0*b - 30. Calculate the remainder when 17 is divided by b.
5
Let s = -184 + 215. Calculate the remainder when s is divided by 12.
7
Let q be -2 + 2 + -10 - 2. Let g(u) = u**2 - u - 158. Let t be g(0). Calculate the remainder when 38 is divided by t/q - (-4)/(-24).
12
Let y(x) = x**3 + 7*x**2 + 1. Let f be y(-7). Let b be f*6/(-9)*-96. Let p = -42 + b. Calculate the remainder when p is divided by 6.
4
What is the remainder when 28 is divided by -4 + 3 + 20/1 + -3?
12
Let p = -30 + 49. Calculate the remainder when p is divided by -3 - (-10 + 4 - 2).
4
Let c = 13 - -1. Suppose 24*m = 30*m - 234. What is the remainder when m is divided by c?
11
Let f(d) be the second derivative of -d**5/20 - d**4/12 + 7*d**3/6 + 3*d**2 + d. Suppose 4*w + 5 + 11 = 0. Calculate the remainder when f(w) is divided by 14.
12
Let y = -572 + 1064. Calculate the remainder when 30 is divided by y/44 - (-2)/(-11).
8
Let n be (-2)/(-3) + 155/15. What is the remainder when n/22*(1 - -51) is divided by 10?
6
Suppose k = 0, 5*l = 3*k + 68 - 18. What is the remainder when 17 is divided by l?
7
Let s be (-8)/14 - (-156)/28. Suppose -59 = -s*m + 346. Calculate the remainder when m is divided by 21.
18
Let y(t) = t**3 - 13*t**2 + 15*t - 25. What is the remainder when y(12) is divided by 2/6 - (-80)/12?
4
Suppose 10 = -4*c - c. Calculate the remainder when 32 is divided by (-23*1 - -1)/c.
10
Let m = -16 + 23. Let z = m + -4. Let s = 14 + z. What is the remainder when 50 is divided by s?
16
Let h = 14 - 16. Let i(u) = 2*u**2 + 2*u + 3. Suppose -f + 3 + 1 = 0. What is the remainder when i(h) is divided by f?
3
Suppose -4*q = -116 - 96. Calculate the remainder when q is divided by 28.
25
Let b(d) = d**2 + 4. Let f be b(4). Let v = 32 - f. What is the remainder when v is divided by 7?
5
Let w(b) = 36*b - 31. Calculate the remainder when w(4) is divided by 19.
18
Let l = -12 + 27. Calculate the remainder when (-2)/(2/(-46)*2) is divided by 174/l - 4/(-10).
11
Suppose 5*y + 249 = c + 43, -368 = -2*c - y. Suppose 3*w = -0*w + c. Calculate the remainder when w is divided by 16.
14
What is the remainder when 1/(-3) - (-3)/(27/471) is divided by 11?
8
What is the remainder when (9/6)/(4/104) is divided by (3 - (-3 + 1))/1?
4
Let w(g) = g**3 - 6*g**2 + 5*g - 2*g**2 - 5 - 2*g**2. What is the remainder when w(10) is divided by 16?
13
Suppose -8 = -3*c + 37. Suppose -25 = 2*i - 3*d, -3*d = 3*i + d + 12. Let y(a) = -6*a - 6. Calculate the remainder when y(i) is divided by c.
12
Let i(o) = -10*o - 1. Let v(n) = 3*n + 4. Let m be v(-2). Calculate the remainder when i(m) is divided by 11.
8
Let q = 13 + -1. What is the remainder when -85*(54/15 - 4) is divided by q?
10
Let z be (6*-3)/(-1) + 3. Suppose -2*p - z = -5*p. Let n = -1 + p. What is the remainder when n is divided by 2?
0
Suppose -3*j = -57 - 0. What is the remainder when (4 - 2) + -2 - (1 - 57) is divided by j?
18
Let p = 29 - 11. Calculate the remainder when 51 is divided by p.
15
Let h(b) = -b**2 - 10*b + 21. What is the remainder when 44 is divided by h(-11)?
4
Let b(j) = j**3 - j**2 - 1. Let z be b(2). Suppose 2*q - 2*w - z = 9, 3*q - 10 = -5*w. Calculate the remainder when 14 is divided by q.
4
Suppose 0 = -2*x + 8 - 28. Let a = x + 15. Suppose -k + 0 = -4*p - 15, 3*p + 126 = a*k. What is the remainder when k is divided by 14?
13
Let o(w) = -6*w. Let b be 16/10 + (-2)/(-5). Suppose -4*n = -3*m - 199, 3*n - 144 - 18 = -b*m. Calculate the remainder when n is divided by o(-3).
16
Let g(r) = 2*r. Let d be g(2). Suppose 3*w = d*o + 22, 0 = -2*w - 0*w - o. What is the remainder when 4 is divided by w?
0
Suppose 156 = 4*d - 60. Let m = d + -25. Suppose 0 = 5*f - 36 - 44. What is the remainder when m is divided by f?
13
Let n = -147 + 170. What is the remainder when 32 is divided by n?
9
Let u = -49 - -71. Let r = 7 - 2. Suppose -h = -3*k - r, -2*h - 2*k = -3*k - 15. Calculate the remainder when u is divided by h.
6
Suppose -6*t = -3*t - 9. Suppose 2*l = -0*j + t*j + 17, -4*l + 4*j = -28. What is the remainder when 10 is divided by l?
2
Suppose 36 = -c + 5*c. Let g(h) = -h**3 + 15*h**2 - 12*h + 7. Calculate the remainder when g(14) is divided by c.
8
Suppose -k + p + 46 = 3*p, k + p = 42. Suppose 7*t - 5*t - k = 0. What is the remainder when 55 is divided by t?
17
Suppose 85 = 19*x - 14*x. Let i(n) = 2*n**2 + 4*n + 3. Calculate the remainder when i(-5) is divided by x.
16
Suppose -3*m - 4*b - 10 = -35, 4*b + 5 = -m. Suppose -29 = -7*l + 27. What is the remainder when m is divided by l?
7
Suppose -4*b = b. Suppose -4*k - 25 + 5 = b, v - 52 = k. Calculate the remainder when v is divided by 10.
7
Let t(h) = 10*h**2 + h. Let o = -9 - -1. Let j = o + 38. Calculate the remainder when j is divided by t(1).
8
Let s = 13 + -1. Let p = -3 + 26. What is the remainder when p is divided by s?
11
Let p(s) be the first derivative of s**4/4 - 7*s**3/3 + 5*s**2 - 7*s - 2. Let j be 5/15 - 17/(-3). What is the remainder when 49 is divided by p(j)?
15
Suppose -y + 6*y - 2*q = 999, -3*y - q + 606 = 0. What is the remainder when y is divided by 51?
48
Let b(l) = -l**2 + 6*l - 6. Let w be b(4). Suppose -s = w*s - 48. Let m = 13 + s. Calculate the remainder when m is divided by 15.
14
Let g(w) = w**3 + 6*w**2 - w + 6. What is the remainder when 43 is divided by g(-6)?
7
Let l = 268 + -447. Calculate the remainder when l/(-4) - (-3)/12 is divided by 16.
13
Let m be (3 - 42/9)*-3. Let x = -2 + m. Let j = -6 + 11. What is the remainder when j is divided by x?
2
Let m(j) = 13*j**3 - j**2. Let w be (-10)/(-5) + -1*107. Let r = 150 + w. Calculate the remainder when r is divided by m(1).
9
Let a(l) = -l**3 + 12*l**2 - 10*l - 8. Let v be a(11). Let j = -1 + v. Suppose 3*f + 2*f - 20 = 0. Calculate the remainder when f is divided by j.
0
Suppose 0*b - 65 = -b. Calculate the remainder when 192 is divided by b.
62
Let k = 8 + 46. What is the remainder when k is divided by 14?
12
Let d = -3 - -47. Suppose 5*j = 51 + d. Calculate the remainder when 6 + 50 - (-1 - -2) is divided by j.
17
Suppose 4*p - 7 - 1 = 0, -4*l = 4*p - 80. Suppose -4*s = -78 + l. What is the remainder when 57 is divided by s?
12
Suppose 38 = 4*f - 86. What is the remainder when 53 is divided by f?
22
Suppose 5*k - 35 = 90. Calculate the remainder when 48 is divided by k.
23
Let o(m) be the third derivative of m**4/2 + 2*m**3/3 + 3*m**2. Calculate the remainder when o(4) is divided by 18.
16
Calculate the remainder when (-52)/12*(-3 + -3) is divided by 9.
8
Let u be -3 + 0 + 2 + 25. Suppose -3*n + 6 = -3*j - u, 0 = -2*n - 4*j + 38. Calculate the remainder when 25 is divided by n.
12
Suppose -5*r - 3*b + 208 